by 16?
5
Calculate the remainder when 98 is divided by 52.
46
Calculate the remainder when 6878 is divided by 215.
213
What is the remainder when 597 is divided by 272?
53
What is the remainder when 20878 is divided by 10?
8
Calculate the remainder when 111 is divided by 20.
11
What is the remainder when 781 is divided by 28?
25
What is the remainder when 246 is divided by 133?
113
What is the remainder when 2590 is divided by 119?
91
Calculate the remainder when 271 is divided by 34.
33
Calculate the remainder when 212 is divided by 32.
20
What is the remainder when 571 is divided by 116?
107
Calculate the remainder when 957 is divided by 80.
77
What is the remainder when 1202 is divided by 598?
6
Calculate the remainder when 8853 is divided by 55.
53
What is the remainder when 317 is divided by 68?
45
What is the remainder when 4280 is divided by 1426?
2
Calculate the remainder when 26 is divided by 22.
4
Calculate the remainder when 153 is divided by 74.
5
Calculate the remainder when 1708 is divided by 19.
17
Calculate the remainder when 4636 is divided by 116.
112
Calculate the remainder when 660 is divided by 67.
57
Calculate the remainder when 660 is divided by 17.
14
What is the remainder when 605 is divided by 268?
69
What is the remainder when 230 is divided by 55?
10
What is the remainder when 3488 is divided by 18?
14
What is the remainder when 421 is divided by 40?
21
What is the remainder when 1211 is divided by 81?
77
Calculate the remainder when 182 is divided by 78.
26
What is the remainder when 718 is divided by 184?
166
Calculate the remainder when 607 is divided by 77.
68
What is the remainder when 313 is divided by 29?
23
Calculate the remainder when 2108 is divided by 5.
3
Calculate the remainder when 542 is divided by 78.
74
Calculate the remainder when 19 is divided by 19.
0
Calculate the remainder when 157 is divided by 81.
76
Calculate the remainder when 12 is divided by 11.
1
What is the remainder when 6051 is divided by 2009?
24
What is the remainder when 957 is divided by 48?
45
What is the remainder when 165 is divided by 4?
1
What is the remainder when 91 is divided by 50?
41
Calculate the remainder when 92 is divided by 19.
16
What is the remainder when 18 is divided by 14?
4
Calculate the remainder when 1265 is divided by 8.
1
Calculate the remainder when 3288 is divided by 5.
3
What is the remainder when 53 is divided by 31?
22
What is the remainder when 94 is divided by 20?
14
Calculate the remainder when 1313 is divided by 30.
23
Calculate the remainder when 813 is divided by 82.
75
Calculate the remainder when 137 is divided by 10.
7
Calculate the remainder when 39 is divided by 10.
9
Calculate the remainder when 1208 is divided by 31.
30
What is the remainder when 3477 is divided by 12?
9
Calculate the remainder when 73 is divided by 33.
7
Calculate the remainder when 448 is divided by 110.
8
Calculate the remainder when 777 is divided by 65.
62
What is the remainder when 1377 is divided by 73?
63
Calculate the remainder when 3536 is divided by 61.
59
What is the remainder when 46 is divided by 6?
4
Calculate the remainder when 5352 is divided by 38.
32
What is the remainder when 219 is divided by 7?
2
What is the remainder when 70 is divided by 12?
10
Calculate the remainder when 1342 is divided by 84.
82
What is the remainder when 50 is divided by 26?
24
Calculate the remainder when 657 is divided by 22.
19
What is the remainder when 296 is divided by 33?
32
Calculate the remainder when 3592 is divided by 98.
64
What is the remainder when 1733 is divided by 62?
59
What is the remainder when 334 is divided by 142?
50
Calculate the remainder when 205 is divided by 30.
25
Calculate the remainder when 43 is divided by 19.
5
What is the remainder when 192 is divided by 189?
3
Calculate the remainder when 3171 is divided by 20.
11
Calculate the remainder when 223 is divided by 48.
31
Calculate the remainder when 221 is divided by 62.
35
Calculate the remainder when 201 is divided by 20.
1
Calculate the remainder when 814 is divided by 187.
66
Calculate the remainder when 11503 is divided by 177.
175
What is the remainder when 297 is divided by 61?
53
Calculate the remainder when 1203 is divided by 398.
9
What is the remainder when 217 is divided by 76?
65
What is the remainder when 28 is divided by 15?
13
What is the remainder when 73 is divided by 7?
3
What is the remainder when 202 is divided by 181?
21
Calculate the remainder when 58 is divided by 5.
3
Calculate the remainder when 460 is divided by 97.
72
Calculate the remainder when 277 is divided by 47.
42
Calculate the remainder when 70 is divided by 36.
34
Calculate the remainder when 758 is divided by 69.
68
What is the remainder when 207 is divided by 23?
0
What is the remainder when 140 is divided by 24?
20
What is the remainder when 99 is divided by 30?
9
What is the remainder when 186 is divided by 92?
2
What is the remainder when 2453 is divided by 22?
11
Calculate the remainder when 609 is divided by 198.
15
What is the remainder when 1455 is divided by 28?
27
Calculate the remainder when 860 is divided by 16.
12
Calculate the remainder when 347 is divided by 101.
44
What is the remainder when 61 is divided by 18?
7
What is the remainder when 13390 is divided by 186?
184
Calculate the remainder when 866 is divided by 224.
194
Calculate the remainder when 2317 is divided by 5.
2
What is the remainder when 1839 is divided by 92?
91
Calculate the remainder when 296 is divided by 75.
71
What is the remainder when 1456 is divided by 162?
160
Calculate the remainder when 118 is divided by 23.
3
What is the remainder when 151 is divided by 114?
37
Calculate the remainder when 516 is divided by 244.
28
What is the remainder when 1597 is divided by 160?
157
Calculate the remainder when 166 is divided by 35.
26
What is the remainder when 100 is divided by 56?
44
Calculate the remainder when 120 is divided by 36.
12
What is the remainder when 5307 is divided by 332?
327
What is the remainder when 9027 is divided by 122?
121
What is the remainder when 849 is divided by 214?
207
Calculate the remainder when 1930 is divided by 12.
10
What is the remainder when 840 is divided by 250?
90
What is the remainder when 81 is divided by 35?
11
Calculate the remainder when 43 is divided by 29.
14
Calculate the remainder when 212 is divided by 54.
50
Calculate the remainder when 1587 is divided by 509.
60
What is the remainder when 740 is divided by 17?
9
Calculate the remainder when 425 is divided by 364.
61
Calculate the remainder when 47 is divided by 36.
11
What is the remainder when 1612 is divided by 795?
22
Calculate the remainder when 43 is divided by 11.
10
What is the remainder when 183 is divided by 30?
3
What is the remainder when 180 is divided by 37?
32
What is the remainder when 3605 is divided by 19?
14
Calculate the remainder when 8409 is divided by 57.
30
Calculate the remainder when 442 is divided by 12.
10
Calculate the remainder when 1009 is divided by 127.
120
Calculate the remainder when 206 is divided by 6.
2
What is the remainder when 666 is divided by 85?
71
Calculate the remainder when 288 is divided by 75.
63
Calculate the remainder when 7218 is divided by 13.
3
What is the remainder when 218 is divided by 17?
14
Calculate the remainder when 4139 is divided by 109.
106
What is the remainder when 37 is divided by 26?
11
What is the remainder when 148 is divided by 4?
0
What is the remainder when 347 is divided by 39?
35
What is the remainder when 57 is divided by 9?
3
What is the remainder when 1046 is divided by 70?
66
Calculate the remainder when 1994 is divided by 3.
2
Calculate the remainder when 153 is divided by 23.
15
What is the remainder when 3618 is divided by 14?
6
Calculate the remainder when 146 is divided by 130.
16
What is the remainder when 3592 is divided by 150?
142
What is the remainder when 1506 is divided by 74?
26
Calculate the remainder when 196 is divided by 33.
31
What is the remainder when 154 is divided by 46?
16
Calculate the remainder when 393 is divided by 199.
194
What is the remainder when 466 is divided by 39?
37
Calculate the remainder when 83 is divided by 11.
6
What is the remainder when 214 is divided 